 -x - 0*x + 14. Let i be -2 - ((-10392)/(-36) + (-4)/(-3)). Let c = 320 + i. What is the highest common divisor of x and c?
14
Let a be -35*-2*3/15. Suppose -2*t = 4*t - 96. Suppose 0 = 6*r - 100 + t. What is the greatest common divisor of r and a?
14
Let o be (28 + -8)*309/12. Calculate the greatest common divisor of 103 and o.
103
Let z be (-502)/(-14) + (-2)/(-14). Let t(g) = 5*g - 46. Let l be t(11). What is the highest common divisor of z and l?
9
Let q be (32/(-12)*(-3)/2)/(-79 + 83). Let d(r) = -r**3 + 10*r**2 - 10*r + 12. Let y be d(9). What is the greatest common factor of y and q?
1
Suppose 3*i = w - 2*w + 45, -3*w + 3*i + 87 = 0. Let v be 4 - (6 + -7 + 3). Let n be 6179/555 - v/15. Calculate the highest common divisor of n and w.
11
Suppose 46 = -30*v + 28*v. Let y = 223 + v. What is the greatest common divisor of 4 and y?
4
Let d(y) = y**2 - y - 6. Let h be d(4). Suppose h*b - 71 = 109. Suppose 0 = 4*m - 12, -4*m - 14 - 74 = -5*o. What is the highest common factor of b and o?
10
Let x = 44 + -11. Suppose 100*n - 2806 = 1594. Calculate the greatest common factor of n and x.
11
Let y = 15 + -10. Suppose -2*t - y*t = -1792. Calculate the greatest common factor of t and 16.
16
Let t(r) = -4 + 11 - r**2 + 475*r - 476*r + 5*r**2. Let j be t(2). What is the greatest common factor of 84 and j?
21
Suppose 2*z + 497 - 509 = 0. Calculate the highest common factor of 174 and z.
6
Suppose 5*p - 6 = 2*q, -4*q = 4*p - 11 - 5. Let b be (-12)/(p/(-7) - (-25)/(-35)). Let x be (-48)/(-10)*(0 + 10). What is the highest common divisor of b and x?
12
Let t = -108 - -248. Suppose 0 = -o - 2*z - 12 - 19, -100 = 4*o - 4*z. Let d = -13 - o. What is the greatest common divisor of d and t?
14
Let a = 16 + -250. Let t = a + 339. Let h(s) = s**2 + 10*s + 10. Let b be h(-11). What is the highest common factor of t and b?
21
Let s = -55 - -84. Let z(x) = x**3 - 29*x**2 + 10*x - 75. Let q be z(s). What is the highest common divisor of 43 and q?
43
Let q be 14/(-7) - (1 - 5). Suppose 3*v - i - 38 = -3*i, -v - q = -3*i. Suppose -v*t + 12*t - 16 = 0. Calculate the highest common divisor of 32 and t.
8
Let r(b) = b + 193. Let p be r(-62). Calculate the highest common divisor of p and 5.
1
Let q be -2 + 1*4*5. Suppose 0 = -2*w - r + 2*r, w = 5*r - q. Suppose 0 = 395*a + 18*a - 84*a - 658. What is the highest common factor of w and a?
2
Let d(z) = 109*z - 1630. Let r be d(68). Calculate the highest common divisor of r and 236.
118
Let n = -4284 + 6661. Suppose j = -1, 5*t - 3*j + 6*j - n = 0. What is the greatest common factor of 68 and t?
68
Suppose -o + 1050 = -0*o + 5*o. What is the highest common divisor of o and 1?
1
Suppose 43 = 10*w - 12*w - 5*i, -3*i + 12 = -3*w. Let l be 0/(3 + w) + 469*1. Calculate the highest common divisor of l and 67.
67
Let h = 47 + -29. Suppose 20 = -h*s + 22*s. Suppose 3*z - 2*t - 115 = 2*t, -200 = -s*z + 5*t. What is the highest common factor of z and 9?
9
Let p(c) = c**3 + 9*c**2 - 37*c - 39. Let i be p(-10). Calculate the highest common factor of i and 1947.
33
Suppose -24 = -4*w + 16. Suppose -838 = -15*m + 512. Calculate the highest common factor of m and w.
10
Let i be 1*(-12)/15*-5. Let s(v) = 98*v - 614. Let b be s(7). Calculate the greatest common factor of i and b.
4
Suppose 70 = 2*l - 3*l. Let m = l - -68. Let v be (8/(-22))/m - 4350/(-33). Calculate the highest common factor of v and 12.
12
Let n = -11 - -17. Let k be (6/9)/((-2)/n). Let f be k - (0 - 2)*35. Calculate the greatest common divisor of f and 17.
17
Let q be (-9)/81 + 623/(-63). Let d be (16/q)/((88/(-680))/11). Calculate the greatest common factor of d and 40.
8
Let m(t) = -8 - t**2 + 2*t**2 + 34 - 2*t**2 + 9*t. Let y be m(11). Let f be (-21)/5 + y + (-505)/(-25). What is the highest common factor of 8 and f?
4
Suppose 152*r = 175*r - 667. What is the highest common factor of 841 and r?
29
Suppose 446*l = 477*l - 9672. What is the greatest common divisor of l and 11336?
104
Let l be ((-178)/(-6))/((-11)/(-6) + -2). Let p = 284 - l. Calculate the greatest common divisor of p and 42.
42
Let v(g) = -g**3 - 13*g**2 + 15*g - 30. Let z be v(-14). Let b be (-1 - z/(-8))*1*-2. Calculate the greatest common factor of b and 299.
13
Suppose 3*y = 2*j + 14, -7*y + 10*y - 29 = -j. Suppose -62*l + y*l + 108810 = 0. Calculate the highest common divisor of 65 and l.
65
Let x(v) = 2*v**2 + 3*v - 3. Let z be x(3). Let g be (-1799)/(-7) + 5 + -6. Let i = g + -184. Calculate the highest common divisor of i and z.
24
Let a(s) = 514*s**2 + 246*s + 6. Let p be a(-2). What is the highest common factor of p and 30?
10
Suppose 3*o + 9 = 0, 5*x + 5*o - 31 = 14. Suppose -b + t = -292, -15*b = -14*b + 2*t - 280. What is the highest common factor of x and b?
12
Let v = 15713 - 15317. Calculate the highest common factor of v and 1364.
44
Suppose -42*z + 100*z - 24766 = 0. What is the highest common divisor of z and 1098?
61
Let t be (24/15 - 0)*(7 + 3). Suppose 3*k = 5*g + k - 20, -4*k = -4*g + t. Let z be ((-792)/(-20))/(g/50). Calculate the highest common divisor of 45 and z.
45
Let c = 8 + 1. Suppose c = -q + 2*t + 2, 0 = -3*t + 9. Let b be (-88)/24*q*9. Calculate the highest common factor of b and 11.
11
Let s(d) = 2*d**3 - d**2 - 2*d. Let p be s(0). Suppose g - w = -p*g + 16, -2*w + 48 = 2*g. What is the highest common divisor of g and 10?
10
Suppose 0 = -2*y + 4*w - 78, -3*y - 3*w = 2*y + 169. Let x be (-2 + (-154)/y)*(-70)/(-3). Calculate the highest common divisor of x and 98.
14
Let v(i) = i**3 - i**2 + 6. Let c be v(0). Let q be ((-6)/(-9))/(c/117) + -1. Calculate the highest common factor of q and 66.
6
Let q be 23064 + 12 + -4 - -4*7/(-14). Calculate the highest common factor of q and 30.
30
Suppose -5*w - 3 + 27 = -p, 2*w - p = 9. Suppose 8*z - w*z = 315. Suppose -k - 4*k = -z. Calculate the highest common factor of 3 and k.
3
Let w = -113 - -62. Let q = w - -69. Suppose 0 = -4*k + b + 77, 5*b - 2*b = 2*k - 51. What is the greatest common divisor of q and k?
18
Let k be (6*5/(-10)*1)/((-4)/348). Calculate the greatest common divisor of k and 696.
87
Suppose -a + 413 = 3*r, -4*a = 3*r - 1087 - 511. What is the highest common divisor of 30 and a?
5
Suppose -a = -l + 52, -5*l - 66*a + 266 = -69*a. Suppose t - 3*t = -20. What is the highest common divisor of l and t?
5
Suppose -12*z + 15 = -9. Suppose 1671 = -0*h + 3*h - z*n, n = -4*h + 2217. What is the highest common factor of h and 30?
15
Suppose w - 4*p + 2*p - 11 = 0, -4*w + 24 = 2*p. Let b be 33*4*w/2. Suppose 3*a + 5*h - b = 0, a = h + 54 + 100. What is the highest common divisor of 14 and a?
14
Let r = -110 + 174. Let a be (30/8)/(((-12)/(-6))/r). Suppose 115*w + 1080 = a*w. Calculate the greatest common factor of w and 36.
36
Let s be (-11)/(539/(-84))*13/(156/28). What is the highest common divisor of s and 1231?
1
Let v be (-838*1)/(-2 + 0/(-6)). Let m = v + -223. Calculate the greatest common divisor of m and 84.
28
Let u = -20740 - -20749. Suppose -4*x - 5 + 149 = 4*d, 0 = 4*d - x - 144. What is the greatest common divisor of d and u?
9
Suppose 5*l = 5*h + 45, 0 = 3*h - 5*l + 4 + 17. Let z(p) = -2*p**3 - 24*p**2 - p - 11. Let w be z(h). Calculate the highest common divisor of 11 and w.
1
Let q be 48/(-8)*(138/(-27) + 8)*-24. What is the greatest common factor of 1984 and q?
32
Let y = 33 - 31. Suppose -10 = y*h - 3*g, 7 = -0*h - h + 2*g. Calculate the highest common divisor of 29 and h.
1
Suppose -5*r = -13*s + 14*s - 173, 0 = -5*r - 2*s + 176. Suppose -r*o + 32*o + 34 = 0. What is the greatest common divisor of 544 and o?
17
Suppose -3*i = -2*x - 3726, -27*x + 30*x + 6210 = 5*i. Calculate the highest common factor of i and 138.
138
Suppose -3*k - 1 = -7. Let c be 6/((10/k)/30). Suppose -2*m + c = -m. What is the greatest common divisor of m and 12?
12
Suppose 150 - 1087 = -27*o + 1007. Calculate the highest common divisor of o and 12276.
36
Let z = -663 + 674. Suppose z*t - 22 - 264 = 0. Calculate the greatest common divisor of 728 and t.
26
Let t = 132642 - 132602. Let h = 13 + -8. What is the greatest common factor of t and h?
5
Suppose -4*u + 2*x + 136 = 0, 0 = -u - 3*x - x + 52. Suppose 5*f + 21 = 106. Let t = f + -8. What is the greatest common divisor of u and t?
9
Suppose 5*l - 88 = -108, 0 = 4*g + l - 1152. 